{"id":16,"date":"2023-06-19T16:33:22","date_gmt":"2023-06-19T14:33:22","guid":{"rendered":"https:\/\/www.champagne-raymond.com\/shop\/?post_type=product&#038;p=16"},"modified":"2025-05-13T08:31:20","modified_gmt":"2025-05-13T06:31:20","slug":"rose","status":"publish","type":"product","link":"https:\/\/www.champagne-raymond.com\/shop\/produit\/rose\/","title":{"rendered":"Ros\u00e9 \/ \u00c0 l&rsquo;ombre des cerisiers"},"content":{"rendered":"<p><strong>Pr\u00e9sentation<\/strong><br \/>\nSouvent tr\u00e8s appr\u00e9ci\u00e9 par la gent f\u00e9minine, ce Champagne Ros\u00e9 \u00e9labor\u00e9 exclusivement de Pinot Meunier associ\u00e9 judicieusement \u00e0 24 % de Vin Rouge issu de nos coteaux, r\u00e9v\u00e8le une belle puissance et une belle vinosit\u00e9 ainsi que de s\u00e9duisants ar\u00f4mes de fruits rouges\u2026 Vous serez envout\u00e9s par sa tr\u00e8s\u00a0belle longueur en bouche.<\/p>\n<p><strong>D\u00e9gustation<\/strong><br \/>\nParfait \u00e0 l\u2019ap\u00e9ritif, complice id\u00e9al d\u2019un barbecue estival, ce Ros\u00e9 unique trouvera id\u00e9alement sa place sur un dessert \u00e0 base de fruits, notamment sur une tarte aux fraises.<\/p>\n","protected":false},"excerpt":{"rendered":"<p>Pr\u00e9sentation Souvent tr\u00e8s appr\u00e9ci\u00e9 par la gent f\u00e9minine, ce Champagne Ros\u00e9 \u00e9labor\u00e9 exclusivement de Pinot Meunier associ\u00e9 judicieusement \u00e0 24 % de Vin Rouge issu de nos coteaux, r\u00e9v\u00e8le une belle puissance et une belle vinosit\u00e9 ainsi que de s\u00e9duisants ar\u00f4mes de fruits rouges\u2026 Vous serez envout\u00e9s par sa tr\u00e8s\u00a0belle longueur en bouche. D\u00e9gustation Parfait &hellip; <\/p>\n<p class=\"link-more\"><a href=\"https:\/\/www.champagne-raymond.com\/shop\/produit\/rose\/\" class=\"more-link\">Continue reading<span class=\"screen-reader-text\"> \u00ab\u00a0Ros\u00e9 \/ \u00c0 l&rsquo;ombre des cerisiers\u00a0\u00bb<\/span><\/a><\/p>\n","protected":false},"featured_media":137,"template":"","meta":{"_acf_changed":false,"inline_featured_image":false},"product_brand":[],"product_cat":[15],"product_tag":[],"class_list":{"0":"post-16","1":"product","2":"type-product","3":"status-publish","4":"has-post-thumbnail","6":"product_cat-champagne","8":"first","9":"instock","10":"shipping-taxable","11":"product-type-simple"},"acf":[],"_links":{"self":[{"href":"https:\/\/www.champagne-raymond.com\/shop\/wp-json\/wp\/v2\/product\/16","targetHints":{"allow":["GET"]}}],"collection":[{"href":"https:\/\/www.champagne-raymond.com\/shop\/wp-json\/wp\/v2\/product"}],"about":[{"href":"https:\/\/www.champagne-raymond.com\/shop\/wp-json\/wp\/v2\/types\/product"}],"wp:featuredmedia":[{"embeddable":true,"href":"https:\/\/www.champagne-raymond.com\/shop\/wp-json\/wp\/v2\/media\/137"}],"wp:attachment":[{"href":"https:\/\/www.champagne-raymond.com\/shop\/wp-json\/wp\/v2\/media?parent=16"}],"wp:term":[{"taxonomy":"product_brand","embeddable":true,"href":"https:\/\/www.champagne-raymond.com\/shop\/wp-json\/wp\/v2\/product_brand?post=16"},{"taxonomy":"product_cat","embeddable":true,"href":"https:\/\/www.champagne-raymond.com\/shop\/wp-json\/wp\/v2\/product_cat?post=16"},{"taxonomy":"product_tag","embeddable":true,"href":"https:\/\/www.champagne-raymond.com\/shop\/wp-json\/wp\/v2\/product_tag?post=16"}],"curies":[{"name":"wp","href":"https:\/\/api.w.org\/{rel}","templated":true}]}}