{"id":19,"date":"2023-06-19T16:37:23","date_gmt":"2023-06-19T14:37:23","guid":{"rendered":"https:\/\/www.champagne-raymond.com\/shop\/?post_type=product&#038;p=19"},"modified":"2025-05-13T08:31:01","modified_gmt":"2025-05-13T06:31:01","slug":"brut-reserve","status":"publish","type":"product","link":"https:\/\/www.champagne-raymond.com\/shop\/produit\/brut-reserve\/","title":{"rendered":"R\u00e9serve \/ Parler vrai"},"content":{"rendered":"<p><strong>Pr\u00e9sentation<\/strong><br \/>\nFruit d\u2019un assemblage subtil de 75 % de Pinot Meunier et 25 % de Chardonnay, ce champagne d\u00e9voile d\u00e8s la premi\u00e8re goutte, un surprenant bouquet d\u2019ar\u00f4mes o\u00f9 s\u2019allient merveilleusement le fruit\u00e9 du Pinot Meunier notamment en d\u00e9but de bouche et l\u2019\u00e9l\u00e9gance et la finesse du Chardonnay en fin de bouche.<\/p>\n<p><strong>D\u00e9gustation<\/strong><br \/>\nVif et frais avec une belle acidit\u00e9, ce vin, vieilli pr\u00e8s de trois ans, est une invitation \u00e0 la d\u00e9gustation. Parfait lors d\u2019un cocktail entre amis, il sera aussi un tr\u00e8s bon compagnon de repas.<\/p>\n","protected":false},"excerpt":{"rendered":"<p>Pr\u00e9sentation Fruit d\u2019un assemblage subtil de 75 % de Pinot Meunier et 25 % de Chardonnay, ce champagne d\u00e9voile d\u00e8s la premi\u00e8re goutte, un surprenant bouquet d\u2019ar\u00f4mes o\u00f9 s\u2019allient merveilleusement le fruit\u00e9 du Pinot Meunier notamment en d\u00e9but de bouche et l\u2019\u00e9l\u00e9gance et la finesse du Chardonnay en fin de bouche. D\u00e9gustation Vif et frais &hellip; <\/p>\n<p class=\"link-more\"><a href=\"https:\/\/www.champagne-raymond.com\/shop\/produit\/brut-reserve\/\" class=\"more-link\">Continue reading<span class=\"screen-reader-text\"> \u00ab\u00a0R\u00e9serve \/ Parler vrai\u00a0\u00bb<\/span><\/a><\/p>\n","protected":false},"featured_media":136,"template":"","meta":{"_acf_changed":false,"inline_featured_image":false},"product_brand":[],"product_cat":[15],"product_tag":[],"class_list":{"0":"post-19","1":"product","2":"type-product","3":"status-publish","4":"has-post-thumbnail","6":"product_cat-champagne","8":"first","9":"instock","10":"shipping-taxable","11":"product-type-simple"},"acf":[],"_links":{"self":[{"href":"https:\/\/www.champagne-raymond.com\/shop\/wp-json\/wp\/v2\/product\/19","targetHints":{"allow":["GET"]}}],"collection":[{"href":"https:\/\/www.champagne-raymond.com\/shop\/wp-json\/wp\/v2\/product"}],"about":[{"href":"https:\/\/www.champagne-raymond.com\/shop\/wp-json\/wp\/v2\/types\/product"}],"wp:featuredmedia":[{"embeddable":true,"href":"https:\/\/www.champagne-raymond.com\/shop\/wp-json\/wp\/v2\/media\/136"}],"wp:attachment":[{"href":"https:\/\/www.champagne-raymond.com\/shop\/wp-json\/wp\/v2\/media?parent=19"}],"wp:term":[{"taxonomy":"product_brand","embeddable":true,"href":"https:\/\/www.champagne-raymond.com\/shop\/wp-json\/wp\/v2\/product_brand?post=19"},{"taxonomy":"product_cat","embeddable":true,"href":"https:\/\/www.champagne-raymond.com\/shop\/wp-json\/wp\/v2\/product_cat?post=19"},{"taxonomy":"product_tag","embeddable":true,"href":"https:\/\/www.champagne-raymond.com\/shop\/wp-json\/wp\/v2\/product_tag?post=19"}],"curies":[{"name":"wp","href":"https:\/\/api.w.org\/{rel}","templated":true}]}}